{"id":7555,"date":"2025-12-01T11:14:35","date_gmt":"2025-12-01T10:14:35","guid":{"rendered":"https:\/\/anasteyoga.com\/?page_id=7555"},"modified":"2025-12-09T11:04:21","modified_gmt":"2025-12-09T10:04:21","slug":"la-coloc","status":"publish","type":"page","link":"https:\/\/anasteyoga.com\/index.php\/la-coloc\/","title":{"rendered":"La coloc"},"content":{"rendered":"\t\t<div data-elementor-type=\"wp-page\" data-elementor-id=\"7555\" class=\"elementor elementor-7555\" data-elementor-post-type=\"page\">\n\t\t\t\t\t\t<section class=\"elementor-section elementor-top-section elementor-element elementor-element-7d60b88 elementor-section-full_width elementor-section-height-default elementor-section-height-default cmsmasters-block-default\" data-id=\"7d60b88\" data-element_type=\"section\">\n\t\t\t\t\t\t<div class=\"elementor-container elementor-column-gap-no\">\n\t\t\t\t\t<div class=\"elementor-column elementor-col-100 elementor-top-column elementor-element elementor-element-ab7a56e\" data-id=\"ab7a56e\" data-element_type=\"column\">\n\t\t\t<div class=\"elementor-widget-wrap elementor-element-populated\">\n\t\t\t\t\t\t<div class=\"elementor-element elementor-element-f68dfcc elementor-widget__width-initial elementor-absolute elementor-hidden-mobile cmsmasters-block-default cmsmasters-sticky-default elementor-widget elementor-widget-heading\" data-id=\"f68dfcc\" data-element_type=\"widget\" data-settings=\"{&quot;_position&quot;:&quot;absolute&quot;}\" data-widget_type=\"heading.default\">\n\t\t\t\t<div class=\"elementor-widget-container\">\n\t\t\t<style>\/*! elementor - v3.22.0 - 26-06-2024 *\/\n.elementor-heading-title{padding:0;margin:0;line-height:1}.elementor-widget-heading .elementor-heading-title[class*=elementor-size-]>a{color:inherit;font-size:inherit;line-height:inherit}.elementor-widget-heading .elementor-heading-title.elementor-size-small{font-size:15px}.elementor-widget-heading .elementor-heading-title.elementor-size-medium{font-size:19px}.elementor-widget-heading .elementor-heading-title.elementor-size-large{font-size:29px}.elementor-widget-heading .elementor-heading-title.elementor-size-xl{font-size:39px}.elementor-widget-heading .elementor-heading-title.elementor-size-xxl{font-size:59px}<\/style><h2 class=\"elementor-heading-title elementor-size-default\">our story<\/h2>\t\t<\/div>\n\t\t\t\t<\/div>\n\t\t\t\t\t<\/div>\n\t\t<\/div>\n\t\t\t\t\t<\/div>\n\t\t<\/section>\n\t\t<div class=\"elementor-element elementor-element-2081b65 e-flex e-con-boxed cmsmasters-block-default e-con e-parent\" data-id=\"2081b65\" data-element_type=\"container\">\n\t\t\t\t\t<div class=\"e-con-inner\">\n\t\t\t\t<div class=\"elementor-element elementor-element-128faad cmsmasters-block-default cmsmasters-sticky-default elementor-widget elementor-widget-image\" data-id=\"128faad\" data-element_type=\"widget\" data-widget_type=\"image.default\">\n\t\t\t\t<div class=\"elementor-widget-container\">\n\t\t\t<style>\/*! elementor - v3.22.0 - 26-06-2024 *\/\n.elementor-widget-image{text-align:center}.elementor-widget-image a{display:inline-block}.elementor-widget-image a img[src$=\".svg\"]{width:48px}.elementor-widget-image img{vertical-align:middle;display:inline-block}<\/style>\t\t\t\t\t\t\t\t\t\t<img fetchpriority=\"high\" decoding=\"async\" width=\"1920\" height=\"763\" src=\"https:\/\/anasteyoga.com\/wp-content\/uploads\/2025\/09\/Yin-1920x763-1-30x12.png\" class=\"attachment-full size-full wp-image-7303 cmsmasters_img cmsmasters-lazyload lazyload\" alt=\"\" data-sizes=\"(max-width: 1920px) 100vw, 1920px\" data-src=\"https:\/\/anasteyoga.com\/wp-content\/uploads\/2025\/09\/Yin-1920x763-1.png\" data-srcset=\"https:\/\/anasteyoga.com\/wp-content\/uploads\/2025\/09\/Yin-1920x763-1.png 1920w, https:\/\/anasteyoga.com\/wp-content\/uploads\/2025\/09\/Yin-1920x763-1-300x119.png 300w, https:\/\/anasteyoga.com\/wp-content\/uploads\/2025\/09\/Yin-1920x763-1-1024x407.png 1024w, https:\/\/anasteyoga.com\/wp-content\/uploads\/2025\/09\/Yin-1920x763-1-768x305.png 768w, https:\/\/anasteyoga.com\/wp-content\/uploads\/2025\/09\/Yin-1920x763-1-1536x610.png 1536w, https:\/\/anasteyoga.com\/wp-content\/uploads\/2025\/09\/Yin-1920x763-1-755x300.png 755w, https:\/\/anasteyoga.com\/wp-content\/uploads\/2025\/09\/Yin-1920x763-1-30x12.png 30w, https:\/\/anasteyoga.com\/wp-content\/uploads\/2025\/09\/Yin-1920x763-1-25x10.png 25w\" srcset=\"https:\/\/anasteyoga.com\/wp-content\/uploads\/2025\/09\/Yin-1920x763-1-30x12.png 30w, https:\/\/anasteyoga.com\/wp-content\/uploads\/2025\/09\/Yin-1920x763-1-300x119.png 300w, https:\/\/anasteyoga.com\/wp-content\/uploads\/2025\/09\/Yin-1920x763-1-1024x407.png 1024w, https:\/\/anasteyoga.com\/wp-content\/uploads\/2025\/09\/Yin-1920x763-1-768x305.png 768w, https:\/\/anasteyoga.com\/wp-content\/uploads\/2025\/09\/Yin-1920x763-1-1536x610.png 1536w, https:\/\/anasteyoga.com\/wp-content\/uploads\/2025\/09\/Yin-1920x763-1-755x300.png 755w, https:\/\/anasteyoga.com\/wp-content\/uploads\/2025\/09\/Yin-1920x763-1-25x10.png 25w, https:\/\/anasteyoga.com\/wp-content\/uploads\/2025\/09\/Yin-1920x763-1.png 1920w\" sizes=\"(max-width: 1920px) 100vw, 1920px\" \/>\t\t\t\t\t\t\t\t\t\t\t\t\t<\/div>\n\t\t\t\t<\/div>\n\t\t\t\t\t<\/div>\n\t\t\t\t<\/div>\n\t\t\t\t<section class=\"elementor-section elementor-top-section elementor-element elementor-element-87ca10e elementor-section-content-top elementor-section-boxed elementor-section-height-default elementor-section-height-default cmsmasters-block-default\" data-id=\"87ca10e\" data-element_type=\"section\">\n\t\t\t\t\t\t<div class=\"elementor-container elementor-column-gap-wide\">\n\t\t\t\t\t<div class=\"elementor-column elementor-col-50 elementor-top-column elementor-element elementor-element-6b95e6e\" data-id=\"6b95e6e\" data-element_type=\"column\">\n\t\t\t<div class=\"elementor-widget-wrap elementor-element-populated\">\n\t\t\t\t\t\t<div class=\"elementor-element elementor-element-55b487c cmsmasters-block-default cmsmasters-sticky-default elementor-widget elementor-widget-heading\" data-id=\"55b487c\" data-element_type=\"widget\" data-widget_type=\"heading.default\">\n\t\t\t\t<div class=\"elementor-widget-container\">\n\t\t\t<h2 class=\"elementor-heading-title elementor-size-default\">Expertise meets encouragement<\/h2>\t\t<\/div>\n\t\t\t\t<\/div>\n\t\t\t\t<div class=\"elementor-element elementor-element-9f54603 cmsmasters-block-default cmsmasters-sticky-default elementor-widget elementor-widget-heading\" data-id=\"9f54603\" data-element_type=\"widget\" data-widget_type=\"heading.default\">\n\t\t\t\t<div class=\"elementor-widget-container\">\n\t\t\t<h3 class=\"elementor-heading-title elementor-size-default\">Un collectif solaire et inspirant<\/h3>\t\t<\/div>\n\t\t\t\t<\/div>\n\t\t\t\t\t<\/div>\n\t\t<\/div>\n\t\t\t\t<div class=\"elementor-column elementor-col-50 elementor-top-column elementor-element elementor-element-eec386b\" data-id=\"eec386b\" data-element_type=\"column\">\n\t\t\t<div class=\"elementor-widget-wrap elementor-element-populated\">\n\t\t\t\t\t\t<div class=\"elementor-element elementor-element-c7661ab cmsmasters-block-default cmsmasters-sticky-default elementor-widget elementor-widget-text-editor\" data-id=\"c7661ab\" data-element_type=\"widget\" data-widget_type=\"text-editor.default\">\n\t\t\t\t<div class=\"elementor-widget-container\">\n\t\t\t<style>\/*! elementor - v3.22.0 - 26-06-2024 *\/\n.elementor-widget-text-editor.elementor-drop-cap-view-stacked .elementor-drop-cap{background-color:#69727d;color:#fff}.elementor-widget-text-editor.elementor-drop-cap-view-framed .elementor-drop-cap{color:#69727d;border:3px solid;background-color:transparent}.elementor-widget-text-editor:not(.elementor-drop-cap-view-default) .elementor-drop-cap{margin-top:8px}.elementor-widget-text-editor:not(.elementor-drop-cap-view-default) .elementor-drop-cap-letter{width:1em;height:1em}.elementor-widget-text-editor .elementor-drop-cap{float:left;text-align:center;line-height:1;font-size:50px}.elementor-widget-text-editor .elementor-drop-cap-letter{display:inline-block}<\/style>\t\t\t\t<p>Derri\u00e8re chaque tapis, il y a une belle \u00e9nergie humaine \u2728<br data-start=\"385\" data-end=\"388\" \/>L\u2019\u00e9quipe Anast\u00e9 Yoga &amp; Co, c\u2019est un m\u00e9lange de personnalit\u00e9s, de passions et de parcours uniques.<br data-start=\"485\" data-end=\"488\" \/>Des professeurs et intervenants anim\u00e9s par la m\u00eame envie : partager le mouvement, transmettre avec c\u0153ur et cr\u00e9er des espaces o\u00f9 chacun peut respirer, bouger et se sentir bien.<\/p>\t\t\t\t\t\t<\/div>\n\t\t\t\t<\/div>\n\t\t\t\t\t<\/div>\n\t\t<\/div>\n\t\t\t\t\t<\/div>\n\t\t<\/section>\n\t\t\t\t<section class=\"elementor-section elementor-top-section elementor-element elementor-element-06b511c elementor-section-full_width elementor-section-height-default elementor-section-height-default cmsmasters-block-default\" data-id=\"06b511c\" data-element_type=\"section\">\n\t\t\t\t\t\t<div class=\"elementor-container elementor-column-gap-wide\">\n\t\t\t\t\t<div class=\"elementor-column elementor-col-100 elementor-top-column elementor-element elementor-element-68dc884\" data-id=\"68dc884\" data-element_type=\"column\">\n\t\t\t<div class=\"elementor-widget-wrap elementor-element-populated\">\n\t\t\t\t\t\t<div class=\"elementor-element elementor-element-cb64d48 elementor-widget__width-initial elementor-absolute elementor-widget-tablet__width-initial cmsmasters-block-default cmsmasters-sticky-default elementor-widget elementor-widget-heading\" data-id=\"cb64d48\" data-element_type=\"widget\" data-settings=\"{&quot;_position&quot;:&quot;absolute&quot;}\" data-widget_type=\"heading.default\">\n\t\t\t\t<div class=\"elementor-widget-container\">\n\t\t\t<h2 class=\"elementor-heading-title elementor-size-default\">professionnels<\/h2>\t\t<\/div>\n\t\t\t\t<\/div>\n\t\t\t\t<div class=\"elementor-element elementor-element-4bafe23 cmsmasters-block-default cmsmasters-sticky-default elementor-widget elementor-widget-heading\" data-id=\"4bafe23\" data-element_type=\"widget\" data-widget_type=\"heading.default\">\n\t\t\t\t<div class=\"elementor-widget-container\">\n\t\t\t<h2 class=\"elementor-heading-title elementor-size-default\">Les th\u00e9rapeutes<\/h2>\t\t<\/div>\n\t\t\t\t<\/div>\n\t\t\t\t\t<\/div>\n\t\t<\/div>\n\t\t\t\t\t<\/div>\n\t\t<\/section>\n\t\t<div class=\"elementor-element elementor-element-e78ca85 e-flex e-con-boxed cmsmasters-block-default e-con e-parent\" data-id=\"e78ca85\" data-element_type=\"container\">\n\t\t\t\t\t<div class=\"e-con-inner\">\n\t\t<div class=\"elementor-element elementor-element-aad87fd e-con-full e-flex cmsmasters-block-default e-con e-child\" data-id=\"aad87fd\" data-element_type=\"container\">\n\t\t\t\t<div class=\"elementor-element elementor-element-92d3317 cmsmasters-block-default cmsmasters-sticky-default elementor-widget elementor-widget-image\" data-id=\"92d3317\" data-element_type=\"widget\" data-widget_type=\"image.default\">\n\t\t\t\t<div class=\"elementor-widget-container\">\n\t\t\t\t\t\t\t\t\t\t\t\t\t<img decoding=\"async\" width=\"1920\" height=\"2560\" src=\"https:\/\/anasteyoga.com\/wp-content\/uploads\/2025\/11\/IMG_0534-30x40.jpeg\" class=\"attachment-full size-full wp-image-7571 cmsmasters_img cmsmasters-lazyload lazyload\" alt=\"\" data-sizes=\"(max-width: 1920px) 100vw, 1920px\" data-src=\"https:\/\/anasteyoga.com\/wp-content\/uploads\/2025\/11\/IMG_0534-scaled.jpeg\" data-srcset=\"https:\/\/anasteyoga.com\/wp-content\/uploads\/2025\/11\/IMG_0534-scaled.jpeg 1920w, https:\/\/anasteyoga.com\/wp-content\/uploads\/2025\/11\/IMG_0534-225x300.jpeg 225w, https:\/\/anasteyoga.com\/wp-content\/uploads\/2025\/11\/IMG_0534-768x1024.jpeg 768w, https:\/\/anasteyoga.com\/wp-content\/uploads\/2025\/11\/IMG_0534-1152x1536.jpeg 1152w, https:\/\/anasteyoga.com\/wp-content\/uploads\/2025\/11\/IMG_0534-1536x2048.jpeg 1536w, https:\/\/anasteyoga.com\/wp-content\/uploads\/2025\/11\/IMG_0534-30x40.jpeg 30w, https:\/\/anasteyoga.com\/wp-content\/uploads\/2025\/11\/IMG_0534-23x30.jpeg 23w, https:\/\/anasteyoga.com\/wp-content\/uploads\/2025\/11\/IMG_0534-8x10.jpeg 8w\" srcset=\"https:\/\/anasteyoga.com\/wp-content\/uploads\/2025\/11\/IMG_0534-30x40.jpeg 30w, https:\/\/anasteyoga.com\/wp-content\/uploads\/2025\/11\/IMG_0534-225x300.jpeg 225w, https:\/\/anasteyoga.com\/wp-content\/uploads\/2025\/11\/IMG_0534-768x1024.jpeg 768w, https:\/\/anasteyoga.com\/wp-content\/uploads\/2025\/11\/IMG_0534-1152x1536.jpeg 1152w, https:\/\/anasteyoga.com\/wp-content\/uploads\/2025\/11\/IMG_0534-1536x2048.jpeg 1536w, https:\/\/anasteyoga.com\/wp-content\/uploads\/2025\/11\/IMG_0534-23x30.jpeg 23w, https:\/\/anasteyoga.com\/wp-content\/uploads\/2025\/11\/IMG_0534-8x10.jpeg 8w, https:\/\/anasteyoga.com\/wp-content\/uploads\/2025\/11\/IMG_0534-scaled.jpeg 1920w\" sizes=\"(max-width: 1920px) 100vw, 1920px\" \/>\t\t\t\t\t\t\t\t\t\t\t\t\t<\/div>\n\t\t\t\t<\/div>\n\t\t\t\t<\/div>\n\t\t<div class=\"elementor-element elementor-element-ebf8746 e-con-full e-flex cmsmasters-block-default e-con e-child\" data-id=\"ebf8746\" data-element_type=\"container\">\n\t\t<div class=\"elementor-element elementor-element-2c5c424 e-con-full e-flex cmsmasters-block-default e-con e-child\" data-id=\"2c5c424\" data-element_type=\"container\">\n\t\t\t\t<div class=\"elementor-element elementor-element-dcbdc6e cmsmasters-block-default cmsmasters-sticky-default elementor-widget elementor-widget-heading\" data-id=\"dcbdc6e\" data-element_type=\"widget\" pr=\"\" data-widget_type=\"heading.default\">\n\t\t\t\t<div class=\"elementor-widget-container\">\n\t\t\t<h2 class=\"elementor-heading-title elementor-size-default\">Mathilde<\/h2>\t\t<\/div>\n\t\t\t\t<\/div>\n\t\t\t\t<\/div>\n\t\t<div class=\"elementor-element elementor-element-742eaa6 e-con-full e-flex cmsmasters-block-default e-con e-child\" data-id=\"742eaa6\" data-element_type=\"container\">\n\t\t\t\t<div class=\"elementor-element elementor-element-694050d cmsmasters-block-default cmsmasters-sticky-default elementor-widget elementor-widget-text-editor\" data-id=\"694050d\" data-element_type=\"widget\" data-widget_type=\"text-editor.default\">\n\t\t\t\t<div class=\"elementor-widget-container\">\n\t\t\t\t\t\t\t<p>Kin\u00e9sith\u00e9rapeute depuis plus de 10 ans, je viens d\u2019achever 5 ann\u00e9es de formation \u00e0 l\u2019institut d\u2019ost\u00e9opathie d\u2019Aix en Provence, avec plus de 150 consultations \u00e0 mon actif, au sein de leur clinique et en externe. Passionn\u00e9e par l\u2019humain dans sa globalit\u00e9, je suis en permanence en formation continue sur divers sujets afin d\u2019\u00e9tendre et de faire \u00e9voluer au mieux ma pratique.<\/p>\t\t\t\t\t\t<\/div>\n\t\t\t\t<\/div>\n\t\t\t\t<div class=\"elementor-element elementor-element-15ee29c cmsmasters-block-default cmsmasters-sticky-default elementor-widget elementor-widget-toggle\" data-id=\"15ee29c\" data-element_type=\"widget\" data-widget_type=\"toggle.default\">\n\t\t\t\t<div class=\"elementor-widget-container\">\n\t\t\t<style>\/*! elementor - v3.22.0 - 26-06-2024 *\/\n.elementor-toggle{text-align:start}.elementor-toggle .elementor-tab-title{font-weight:700;line-height:1;margin:0;padding:15px;border-bottom:1px solid #d5d8dc;cursor:pointer;outline:none}.elementor-toggle .elementor-tab-title .elementor-toggle-icon{display:inline-block;width:1em}.elementor-toggle .elementor-tab-title .elementor-toggle-icon svg{margin-inline-start:-5px;width:1em;height:1em}.elementor-toggle .elementor-tab-title .elementor-toggle-icon.elementor-toggle-icon-right{float:right;text-align:right}.elementor-toggle .elementor-tab-title .elementor-toggle-icon.elementor-toggle-icon-left{float:left;text-align:left}.elementor-toggle .elementor-tab-title .elementor-toggle-icon .elementor-toggle-icon-closed{display:block}.elementor-toggle .elementor-tab-title .elementor-toggle-icon .elementor-toggle-icon-opened{display:none}.elementor-toggle .elementor-tab-title.elementor-active{border-bottom:none}.elementor-toggle .elementor-tab-title.elementor-active .elementor-toggle-icon-closed{display:none}.elementor-toggle .elementor-tab-title.elementor-active .elementor-toggle-icon-opened{display:block}.elementor-toggle .elementor-tab-content{padding:15px;border-bottom:1px solid #d5d8dc;display:none}@media (max-width:767px){.elementor-toggle .elementor-tab-title{padding:12px}.elementor-toggle .elementor-tab-content{padding:12px 10px}}.e-con-inner>.elementor-widget-toggle,.e-con>.elementor-widget-toggle{width:var(--container-widget-width);--flex-grow:var(--container-widget-flex-grow)}<\/style>\t\t<div class=\"elementor-toggle\">\n\t\t\t\t\t\t\t<div class=\"elementor-toggle-item\">\n\t\t\t\t\t<div id=\"elementor-tab-title-2291\" class=\"elementor-tab-title\" data-tab=\"1\" role=\"button\" aria-controls=\"elementor-tab-content-2291\" aria-expanded=\"false\">\n\t\t\t\t\t\t\t\t\t\t\t\t<span class=\"elementor-toggle-icon elementor-toggle-icon-left\" aria-hidden=\"true\">\n\t\t\t\t\t\t\t\t\t\t\t\t\t\t\t<span class=\"elementor-toggle-icon-closed\"><svg class=\"e-font-icon-svg e-fas-caret-right\" viewBox=\"0 0 192 512\" xmlns=\"http:\/\/www.w3.org\/2000\/svg\"><path d=\"M0 384.662V127.338c0-17.818 21.543-26.741 34.142-14.142l128.662 128.662c7.81 7.81 7.81 20.474 0 28.284L34.142 398.804C21.543 411.404 0 402.48 0 384.662z\"><\/path><\/svg><\/span>\n\t\t\t\t\t\t\t\t<span class=\"elementor-toggle-icon-opened\"><svg class=\"elementor-toggle-icon-opened e-font-icon-svg e-fas-caret-up\" viewBox=\"0 0 320 512\" xmlns=\"http:\/\/www.w3.org\/2000\/svg\"><path d=\"M288.662 352H31.338c-17.818 0-26.741-21.543-14.142-34.142l128.662-128.662c7.81-7.81 20.474-7.81 28.284 0l128.662 128.662c12.6 12.599 3.676 34.142-14.142 34.142z\"><\/path><\/svg><\/span>\n\t\t\t\t\t\t\t\t\t\t\t\t\t<\/span>\n\t\t\t\t\t\t\t\t\t\t\t\t<a class=\"elementor-toggle-title\" tabindex=\"0\">L'ost\u00e9opathie par Mathilde<\/a>\n\t\t\t\t\t<\/div>\n\n\t\t\t\t\t<div id=\"elementor-tab-content-2291\" class=\"elementor-tab-content elementor-clearfix\" data-tab=\"1\" role=\"region\" aria-labelledby=\"elementor-tab-title-2291\"><p>Avec une vision globale de l\u2019individu, l\u2019ost\u00e9opathe utilise un ensemble de techniques manuelles, qui ont pour but de redonner de la vitalit\u00e9 et du mouvement au corps. En passant par les syst\u00e8mes: musculo-squelettique, nerveux, visc\u00e9ral, cr\u00e2nien et vasculaire, une multitude de techniques sont utilis\u00e9es: fascia, musculaires, mobilisatrices, structurelles, tissulaires, \u00e9nerg\u00e9tiques.<\/p><\/div>\n\t\t\t\t<\/div>\n\t\t\t\t\t\t\t<div class=\"elementor-toggle-item\">\n\t\t\t\t\t<div id=\"elementor-tab-title-2292\" class=\"elementor-tab-title\" data-tab=\"2\" role=\"button\" aria-controls=\"elementor-tab-content-2292\" aria-expanded=\"false\">\n\t\t\t\t\t\t\t\t\t\t\t\t<span class=\"elementor-toggle-icon elementor-toggle-icon-left\" aria-hidden=\"true\">\n\t\t\t\t\t\t\t\t\t\t\t\t\t\t\t<span class=\"elementor-toggle-icon-closed\"><svg class=\"e-font-icon-svg e-fas-caret-right\" viewBox=\"0 0 192 512\" xmlns=\"http:\/\/www.w3.org\/2000\/svg\"><path d=\"M0 384.662V127.338c0-17.818 21.543-26.741 34.142-14.142l128.662 128.662c7.81 7.81 7.81 20.474 0 28.284L34.142 398.804C21.543 411.404 0 402.48 0 384.662z\"><\/path><\/svg><\/span>\n\t\t\t\t\t\t\t\t<span class=\"elementor-toggle-icon-opened\"><svg class=\"elementor-toggle-icon-opened e-font-icon-svg e-fas-caret-up\" viewBox=\"0 0 320 512\" xmlns=\"http:\/\/www.w3.org\/2000\/svg\"><path d=\"M288.662 352H31.338c-17.818 0-26.741-21.543-14.142-34.142l128.662-128.662c7.81-7.81 20.474-7.81 28.284 0l128.662 128.662c12.6 12.599 3.676 34.142-14.142 34.142z\"><\/path><\/svg><\/span>\n\t\t\t\t\t\t\t\t\t\t\t\t\t<\/span>\n\t\t\t\t\t\t\t\t\t\t\t\t<a class=\"elementor-toggle-title\" tabindex=\"0\">Les b\u00e9n\u00e9fices<\/a>\n\t\t\t\t\t<\/div>\n\n\t\t\t\t\t<div id=\"elementor-tab-content-2292\" class=\"elementor-tab-content elementor-clearfix\" data-tab=\"2\" role=\"region\" aria-labelledby=\"elementor-tab-title-2292\"><p>L\u2019ost\u00e9opathie permet de pr\u00e9venir et d\u2019aider diverses probl\u00e9matiques: troubles digestifs, maux de t\u00eate, tendinopathies, douleur de dos, entorses, qualit\u00e9 du sommeil, endom\u00e9triose,\u2026 etc.\u00a0<\/p><p>Public : b\u00e9b\u00e9, enfant, adolescent, adulte, seniors, femmes enceintes<\/p><\/div>\n\t\t\t\t<\/div>\n\t\t\t\t\t\t\t<div class=\"elementor-toggle-item\">\n\t\t\t\t\t<div id=\"elementor-tab-title-2293\" class=\"elementor-tab-title\" data-tab=\"3\" role=\"button\" aria-controls=\"elementor-tab-content-2293\" aria-expanded=\"false\">\n\t\t\t\t\t\t\t\t\t\t\t\t<span class=\"elementor-toggle-icon elementor-toggle-icon-left\" aria-hidden=\"true\">\n\t\t\t\t\t\t\t\t\t\t\t\t\t\t\t<span class=\"elementor-toggle-icon-closed\"><svg class=\"e-font-icon-svg e-fas-caret-right\" viewBox=\"0 0 192 512\" xmlns=\"http:\/\/www.w3.org\/2000\/svg\"><path d=\"M0 384.662V127.338c0-17.818 21.543-26.741 34.142-14.142l128.662 128.662c7.81 7.81 7.81 20.474 0 28.284L34.142 398.804C21.543 411.404 0 402.48 0 384.662z\"><\/path><\/svg><\/span>\n\t\t\t\t\t\t\t\t<span class=\"elementor-toggle-icon-opened\"><svg class=\"elementor-toggle-icon-opened e-font-icon-svg e-fas-caret-up\" viewBox=\"0 0 320 512\" xmlns=\"http:\/\/www.w3.org\/2000\/svg\"><path d=\"M288.662 352H31.338c-17.818 0-26.741-21.543-14.142-34.142l128.662-128.662c7.81-7.81 20.474-7.81 28.284 0l128.662 128.662c12.6 12.599 3.676 34.142-14.142 34.142z\"><\/path><\/svg><\/span>\n\t\t\t\t\t\t\t\t\t\t\t\t\t<\/span>\n\t\t\t\t\t\t\t\t\t\t\t\t<a class=\"elementor-toggle-title\" tabindex=\"0\">Contactez-moi<\/a>\n\t\t\t\t\t<\/div>\n\n\t\t\t\t\t<div id=\"elementor-tab-content-2293\" class=\"elementor-tab-content elementor-clearfix\" data-tab=\"3\" role=\"region\" aria-labelledby=\"elementor-tab-title-2293\"><p>S\u00e9ance de 45 min &#8211; 60\u20ac<\/p><ul><li>R\u00e9servation sur <a href=\"https:\/\/www.doctolib.fr\/osteopathe\/ceret\/mathilde-frances-lechat\">Doctolib<\/a><\/li><li>SMS ou message vocale au 07 56 85 92 12<\/li><\/ul><p>Possibilit\u00e9 de remboursement total ou partiel par votre mutuelle.<\/p><\/div>\n\t\t\t\t<\/div>\n\t\t\t\t\t\t\t<div class=\"elementor-toggle-item\">\n\t\t\t\t\t<div id=\"elementor-tab-title-2294\" class=\"elementor-tab-title\" data-tab=\"4\" role=\"button\" aria-controls=\"elementor-tab-content-2294\" aria-expanded=\"false\">\n\t\t\t\t\t\t\t\t\t\t\t\t<span class=\"elementor-toggle-icon elementor-toggle-icon-left\" aria-hidden=\"true\">\n\t\t\t\t\t\t\t\t\t\t\t\t\t\t\t<span class=\"elementor-toggle-icon-closed\"><svg class=\"e-font-icon-svg e-fas-caret-right\" viewBox=\"0 0 192 512\" xmlns=\"http:\/\/www.w3.org\/2000\/svg\"><path d=\"M0 384.662V127.338c0-17.818 21.543-26.741 34.142-14.142l128.662 128.662c7.81 7.81 7.81 20.474 0 28.284L34.142 398.804C21.543 411.404 0 402.48 0 384.662z\"><\/path><\/svg><\/span>\n\t\t\t\t\t\t\t\t<span class=\"elementor-toggle-icon-opened\"><svg class=\"elementor-toggle-icon-opened e-font-icon-svg e-fas-caret-up\" viewBox=\"0 0 320 512\" xmlns=\"http:\/\/www.w3.org\/2000\/svg\"><path d=\"M288.662 352H31.338c-17.818 0-26.741-21.543-14.142-34.142l128.662-128.662c7.81-7.81 20.474-7.81 28.284 0l128.662 128.662c12.6 12.599 3.676 34.142-14.142 34.142z\"><\/path><\/svg><\/span>\n\t\t\t\t\t\t\t\t\t\t\t\t\t<\/span>\n\t\t\t\t\t\t\t\t\t\t\t\t<a class=\"elementor-toggle-title\" tabindex=\"0\">Horaires & adresse<\/a>\n\t\t\t\t\t<\/div>\n\n\t\t\t\t\t<div id=\"elementor-tab-content-2294\" class=\"elementor-tab-content elementor-clearfix\" data-tab=\"4\" role=\"region\" aria-labelledby=\"elementor-tab-title-2294\"><p>Tous les lundis : 8h-12h30 \/ 14h-19h15<br \/>ANAST\u00c9 &amp; CO<br \/>4 rue des cortalets<br \/>66400 C\u00c9RET<\/p><\/div>\n\t\t\t\t<\/div>\n\t\t\t\t\t\t\t\t<\/div>\n\t\t\t\t<\/div>\n\t\t\t\t<\/div>\n\t\t\t\t<\/div>\n\t\t\t\t<\/div>\n\t\t\t\t\t<\/div>\n\t\t\t\t<\/div>\n\t\t\t\t<\/div>\n\t\t","protected":false},"excerpt":{"rendered":"<p>our story Expertise meets encouragement Un collectif solaire et inspirant Derri\u00e8re chaque tapis, il y a une belle \u00e9nergie humaine \u2728L\u2019\u00e9quipe Anast\u00e9 Yoga &amp; Co, c\u2019est un m\u00e9lange de personnalit\u00e9s, de passions et de parcours uniques.Des professeurs et intervenants anim\u00e9s par la m\u00eame envie : partager le mouvement, transmettre avec c\u0153ur et cr\u00e9er des espaces&#8230;<\/p>\n","protected":false},"author":1,"featured_media":0,"parent":0,"menu_order":0,"comment_status":"closed","ping_status":"closed","template":"","meta":{"_acf_changed":false,"inline_featured_image":false,"footnotes":""},"class_list":["post-7555","page","type-page","status-publish","hentry"],"acf":[],"_links":{"self":[{"href":"https:\/\/anasteyoga.com\/index.php\/wp-json\/wp\/v2\/pages\/7555","targetHints":{"allow":["GET"]}}],"collection":[{"href":"https:\/\/anasteyoga.com\/index.php\/wp-json\/wp\/v2\/pages"}],"about":[{"href":"https:\/\/anasteyoga.com\/index.php\/wp-json\/wp\/v2\/types\/page"}],"author":[{"embeddable":true,"href":"https:\/\/anasteyoga.com\/index.php\/wp-json\/wp\/v2\/users\/1"}],"replies":[{"embeddable":true,"href":"https:\/\/anasteyoga.com\/index.php\/wp-json\/wp\/v2\/comments?post=7555"}],"version-history":[{"count":23,"href":"https:\/\/anasteyoga.com\/index.php\/wp-json\/wp\/v2\/pages\/7555\/revisions"}],"predecessor-version":[{"id":7610,"href":"https:\/\/anasteyoga.com\/index.php\/wp-json\/wp\/v2\/pages\/7555\/revisions\/7610"}],"wp:attachment":[{"href":"https:\/\/anasteyoga.com\/index.php\/wp-json\/wp\/v2\/media?parent=7555"}],"curies":[{"name":"wp","href":"https:\/\/api.w.org\/{rel}","templated":true}]}}